m be (-3)/(-6) - s/4. Let n be (8/(-14))/(6/(-21)). What is the highest common divisor of n and m?
1
Let a be 63 - (0 - 1)/(-1). Let q = 117 - a. Suppose 5*r - 5 = 20. What is the highest common divisor of r and q?
5
Suppose 7*k - 2*k - 10 = 5*q, 5*k - 24 = -2*q. What is the highest common divisor of 20 and k?
4
Suppose 180 = -w + 6*w. What is the greatest common divisor of w and 12?
12
Suppose 0*j - j = 4*l - 36, -5*l = 5*j - 240. What is the highest common factor of j and 13?
13
Let m(d) = d**2 + d - 4. Let j be m(-3). Suppose j*o + 48 = 4*o. Suppose -i = i - o. What is the greatest common divisor of 48 and i?
12
Let i = -18 + 40. Suppose 2*l - 28 = 38. Calculate the highest common factor of l and i.
11
Let h(j) = -j - 7. Let a be h(-9). Let y be a*(1 - 15/6). Let l be y*2/10*-15. What is the highest common divisor of 1 and l?
1
Let l(k) = -77*k + 2. Let j be l(-1). Let r = -53 + j. Calculate the highest common factor of 104 and r.
26
Let q = 7 + -3. Suppose -q*a - 25 = a, 3*o - 3*a - 60 = 0. What is the highest common divisor of 135 and o?
15
Suppose 3*j - 59 = -29. Suppose -i - 18 + 58 = 5*w, 2*i - 90 = -5*w. Calculate the highest common factor of i and j.
10
Let q be -13*(-1)/(3/3). Let r = -223 + 366. Calculate the highest common divisor of q and r.
13
Suppose -25*p - 810 = -30*p. What is the greatest common divisor of 18 and p?
18
Let u = 18 - 13. Let t(b) = u*b**2 + b**3 - 2*b - 5 + 4*b**2 - 4. Let n be t(-9). Calculate the greatest common divisor of 72 and n.
9
Let a = 9 - 8. What is the greatest common factor of a and 2?
1
Suppose 36 = 5*v - 29. Let i be (v/(-3))/((-10)/30). Calculate the highest common divisor of 104 and i.
13
Let n(r) = 13*r - 4. Let q be (-3)/(-2) - 8/(-16). Suppose -q*m = -7 - 1. Let j be n(m). Calculate the highest common factor of j and 6.
6
Let b = -5 - -5. Suppose -q + b = -5. Suppose -q*o + o + 40 = 0. What is the greatest common divisor of o and 30?
10
Let x be ((-6)/8)/((-2)/8). Let y = 19 + x. Suppose -4*k = -2*k - y. Calculate the greatest common factor of 55 and k.
11
Suppose 0 + 13 = -k - 4*y, -4*y = -2*k + 34. Calculate the greatest common divisor of k and 70.
7
Suppose 10*g = 8*g + 32. What is the greatest common factor of 16 and g?
16
Suppose 3*v + 2*a - 6*a - 68 = 0, -2*a = -5*v + 118. What is the highest common divisor of 8 and v?
8
Suppose -65 = -4*a + 67. What is the greatest common factor of 165 and a?
33
Let x(i) = 28*i - 48. Let w be x(4). What is the greatest common divisor of w and 48?
16
Let y be -1 - -7 - -1*2. What is the greatest common factor of 56 and y?
8
Let o = -282 + 450. What is the greatest common factor of 21 and o?
21
Suppose 3*b - 5 = 10. Suppose -b*a = -1 - 4. Calculate the greatest common divisor of a and 3.
1
Suppose -2*v + 23 + 17 = 0. Suppose -33 = -2*f - j, -2*j - 2*j = f - v. What is the greatest common divisor of f and 32?
16
Let c(h) = h**2 - 2*h - 7. Let w be c(6). Let y = -5 + w. What is the greatest common factor of 60 and y?
12
Suppose 0*i + 3 = i. Suppose 2*m = -0*m - 8, -i*m - 327 = -5*j. Calculate the greatest common factor of j and 9.
9
Suppose 4*q + 172 = -4*g, 4*g = -2*q - 46 - 122. Let t = g + 77. What is the greatest common factor of 90 and t?
18
Let c(b) = -b**3 - 4*b**2 - 3*b + 2. Let n be c(-3). Let o be (-2)/3 + (-3428)/(-12). Suppose -o = -n*y - y. What is the greatest common divisor of 19 and y?
19
Suppose 5*c = -5*r + 40, -3*r + 3 = -2*c - 6. Let k be -1*(-1 + 1 - -5). Let p be (-2)/((5/c)/k). What is the greatest common factor of 6 and p?
6
Suppose 4*a = -0*m + m + 99, 76 = 3*a + m. Let o(v) = v**2 - 4. Let t be o(-3). Calculate the highest common divisor of t and a.
5
Let b(z) = -2*z + 2. Suppose -20 = -r + 6*r. Let i be b(r). Suppose 138 - 18 = 3*h. Calculate the highest common divisor of h and i.
10
Let b = 2 + -3. Let p be (-1 + b)*-1*10. Calculate the greatest common factor of p and 5.
5
Suppose 3*y + 3*h - 54 = h, -26 = -2*y + 2*h. Suppose -3*g = -5 - y. Let k = -5 + g. What is the greatest common divisor of k and 10?
2
Suppose s = -g + 613, g = -1 + 2. Suppose s = 3*o + 3*r, -2*o + 3*o - 5*r - 234 = 0. What is the greatest common factor of 19 and o?
19
Let k(y) = 5*y - 3. Let a be 6/(-21) - (-111)/21. Let q be k(a). Suppose 3*g + 4*v = q, 4*g = -5*v + 25 + 5. Calculate the greatest common divisor of g and 40.
10
Let c = -37 + 56. What is the highest common divisor of 19 and c?
19
Suppose -2*h + 428 = 3*a, -286 = -3*a + a - h. Let y be (-48)/2*(-4)/6. Suppose 12*l + y = 13*l. What is the greatest common divisor of a and l?
16
Suppose -3*o = 2*o. Suppose -i + o*i = -63. What is the greatest common factor of i and 9?
9
Suppose -5*t = 4*p - 934, -7*p - 590 = -3*t - 2*p. Calculate the highest common factor of 10 and t.
10
Let t(g) = -g**2 - 7*g. Let q be t(-6). Let k be 2*1/2 + -13. Let b be (-6)/(2/(16/k)). Calculate the greatest common factor of q and b.
2
Let z(s) = 8*s - 43. Let b be z(7). What is the greatest common factor of 143 and b?
13
Suppose 3*z = -0 + 3. Suppose -2*g = -z + 7. Let i = 4 + g. What is the greatest common divisor of i and 8?
1
Suppose 4*v - 2*t = 25 + 31, 4*v = 4*t + 56. Let h be 87/12 - 2/8. What is the highest common factor of h and v?
7
Let c(a) = 0*a**2 + 2*a - a**2 + a**3 - 2 - 3*a**2. Let r be c(4). Suppose 0 = x + 2*x - 27. What is the highest common factor of r and x?
3
Let w = -200 - -312. What is the greatest common divisor of 14 and w?
14
Let g be 4*(-3)/(-18)*-3. Let a = g + 1. Let j be -27*1*a - -1. Calculate the greatest common divisor of 14 and j.
14
Let l(c) = c**2 + 14*c + 73. Let g be l(-6). Calculate the greatest common divisor of g and 100.
25
Suppose -3*t + 2 = -2*t. Suppose 10 = -3*r - k + 47, 2*r - 22 = 2*k. Suppose r + 12 = t*j. What is the greatest common divisor of 84 and j?
12
Let x = -10 - -3. Let d(c) = -8 + 6 - 18*c + 2. Let i be d(x). What is the highest common divisor of 14 and i?
14
Suppose 0 = -h - 5*k + 2, 2*k = 2*h - 29 + 1. Let i = h - -68. What is the highest common factor of 16 and i?
16
Suppose 4*i - 6 = m - 3*m, 4*m + 1 = 5*i. Calculate the greatest common factor of 7 and i.
1
Let z be 222/2 + -2 + 3. Calculate the highest common divisor of 14 and z.
14
Let w = 13 + -10. What is the greatest common factor of w and 33?
3
Let z = -3 - -4. Let w(m) = -27*m + z + 9*m - 11*m. Let l be w(-3). What is the greatest common divisor of l and 11?
11
Let u be (-57)/6 + (-2)/4. Let n be (-24*u/3)/1. Suppose -10*r + 128 = -6*r. Calculate the highest common divisor of n and r.
16
Let h = 57 + -1. What is the greatest common factor of h and 84?
28
Suppose 5*j - 17 = -7. Let l be 13*(-3)/(-2)*-8. Let h be (l/(-10))/(j/15). What is the greatest common divisor of 13 and h?
13
Suppose -9*v + 1 + 8 = 0. What is the greatest common divisor of v and 4?
1
Let a(u) = u - 10. Let y be a(15). Calculate the greatest common factor of 45 and y.
5
Let k = -40 + 70. Suppose -13 = i - 4. Let q be (24/i)/((-14)/63). What is the greatest common divisor of q and k?
6
Let p(c) be the second derivative of c - 25/6*c**3 + 0*c**2 + 0. Let a be p(-1). What is the greatest common factor of a and 10?
5
Suppose -5*z + 51 = -24. Calculate the highest common factor of 30 and z.
15
Let b = 46 - 45. Calculate the greatest common divisor of 11 and b.
1
Let m = -5 + 10. Let h be 2 - 0/(-1) - -2. Suppose 3*x - m = h. What is the greatest common factor of x and 15?
3
Let q = 250 - 192. What is the greatest common divisor of q and 2?
2
Let j(h) = -2*h + h**2 + 0*h**2 + 6*h**2 + h. Let t be j(-1). What is the greatest common divisor of t and 1?
1
Suppose -19 = 2*z - 7. Let v be 170/7 - z/(-21). Suppose 2*b - 24 = -0*b. What is the greatest common divisor of v and b?
12
Let v be 2/(-3) + 2/3. Suppose -3*a + 3*x + 60 = v, -40 = -2*a - x + 6*x. Let y = 492 - 272. What is the greatest common divisor of a and y?
20
Suppose -4*s + 14 = -22. Let l(n) be the second derivative of n**4/12 - n**3/3 + n**2/2 + n. Let k be l(7). Calculate the highest common divisor of s and k.
9
Suppose 2*w - 7*w + 515 = 0. Suppose -x + w = 4*o + o, 3*x - 273 = -3*o. Let f = 43 + -32. Calculate the highest common factor of f and x.
11
Let d(l) = l + 22. Let h be d(0). Calculate the greatest common factor of 2 and h.
2
Let o = -131 - -153. Calculate the great